q - 5*a + 10 = 0, 1 = w*q - 5*a - 29. What is the highest common divisor of 14 and q?
2
Suppose 5*q - 7*h - 776 = -9*h, -5*q - 5*h + 770 = 0. Calculate the highest common factor of 208 and q.
52
Let o be ((-6)/(-4))/((-27)/252). Let v be (-4)/o + 19/7. Suppose -q - 2 = 4*s - 0, 6 = -v*s. What is the greatest common divisor of 42 and q?
6
Let n(s) = s**3 + 9*s**2 + 12*s + 16. Let p be n(-4). Let u be (56/(-3))/((-4)/p). Calculate the greatest common factor of 14 and u.
14
Let m = 854 - 838. What is the highest common factor of m and 10?
2
Suppose -144 = 16*d - 432. Let x = 33 + 111. What is the greatest common factor of d and x?
18
Let k = -20 - -20. Let d be (6/(-2) + 3)*1. Suppose d*w + w - 11 = k. Calculate the greatest common divisor of w and 1.
1
Suppose -5*j + 5 + 10 = 0. What is the greatest common divisor of j and 1?
1
Suppose 0 = 30*s - 103*s + 1314. What is the highest common divisor of s and 639?
9
Let c be 697/82 + 2/(-4). Calculate the greatest common divisor of c and 480.
8
Suppose 4*q - 9281 = -7681. What is the highest common factor of 320 and q?
80
Suppose 10*g - 14*g + 40 = 0. Let l be (-4)/g + 5220/50. Suppose 0*k = -5*k + 2*n + l, 4*k + n = 91. Calculate the highest common divisor of 44 and k.
22
Suppose 11 = 4*j + p, j + 2*j - 5 = -4*p. Suppose -5*a + 104 = 3*b, -b + 22 = -j*a + 6. What is the greatest common divisor of 252 and b?
28
Suppose 5*v - 70 = 4*x, -2*v + v + 2*x + 20 = 0. Let p = 2 + 2. Suppose -v*f + 132 = -p*f. Calculate the greatest common factor of f and 198.
22
Let g = 87 + -83. Let f = 58 - 34. Suppose f = g*q - q. Calculate the highest common factor of 24 and q.
8
Let h be (5 - -4)*2/6. Suppose h*g + 132 = -g. Let n = g - -35. Calculate the greatest common factor of n and 22.
2
Let b(m) = -16*m + 69. Let n be b(3). Suppose 10*s - 105 = 5*s. What is the highest common factor of n and s?
21
Suppose 9*r - 381 - 1023 = 0. What is the highest common divisor of 208 and r?
52
Let r be 93 - (104/16 + 10/(-4)). Calculate the greatest common divisor of 1513 and r.
89
Let n be -6 + -1 + 0 + 2. Let j(w) = w**3 + 5*w**2 - 2*w + 6. Let r be j(n). Suppose -4*f + 80 = -3*f. Calculate the greatest common factor of f and r.
16
Let v(c) = c**2 + 2*c. Let l be (-5)/(5 - (1 + 3)). Let t(x) = -2*x - 6. Let a be t(l). Let h be v(a). What is the greatest common factor of 168 and h?
24
Suppose 14 + 29 = o. Suppose -v = -6, -60*v + 56*v = -n + 449. Calculate the greatest common divisor of o and n.
43
Let b(p) = p**2 - 16*p + 18. Let y be b(12). Let z be ((-6)/(-4))/(y/(-100)). Calculate the highest common factor of 40 and z.
5
Suppose 3*p - 99 = -2*v, 0 = -0*v + v + 3*p - 54. Let t be (-36)/v*(-2 + 213/(-6)). Calculate the highest common factor of t and 12.
6
Let f = 8 + -4. Let j(z) = -8*z**2 - 2*z. Let d be j(1). Let o be -1*(-48)/d*(-20)/6. What is the greatest common factor of o and f?
4
Suppose 98*z - 100*z = -112. What is the highest common divisor of z and 16?
8
Let k(w) = -2*w**3 + 2*w**2 + 2*w - 1. Let x be k(2). Let m be (-3)/5*425/x. Calculate the greatest common divisor of m and 34.
17
Suppose 5*c - 724 = 2*t - 4*t, 4*c - 568 = 4*t. Let q = c + -356. Let z = -113 - q. What is the highest common factor of 11 and z?
11
Let x = 28 - 12. Suppose 5*z = z + x. What is the highest common factor of z and 10?
2
Suppose 0*t = 3*h - 4*t - 21, h = -4*t + 23. Let a = h + 7. Suppose 5*v = -0*s + 3*s + 798, -3*s + 174 = v. Calculate the greatest common divisor of a and v.
18
Let b be -5*(8/(-10) - 0). Suppose b*l - 33 = 63. Calculate the highest common factor of l and 60.
12
Let v(f) = 46*f**2 - 10*f + 17. Let k be v(4). What is the highest common divisor of k and 31?
31
Suppose -4*n + 130 = -2*d, -d + 143 + 16 = 5*n. Suppose -4*t = 0, -5*i + 2 + 18 = -t. What is the greatest common divisor of i and n?
4
Suppose -26*n = -19*n - 1820. What is the greatest common factor of n and 20?
20
Let q(u) = -u. Let c be q(0). Suppose c = f + 5*f - 144. Let p(w) = -120*w. Let l be p(-1). What is the highest common divisor of f and l?
24
Suppose -6 = -2*k + 4. Let n(y) = 4 - 6*y + 7*y - k - 5*y. Let r be n(-3). What is the highest common divisor of r and 88?
11
Let b = 62 + -27. Suppose -2*m - 3*m + b = 0. Let c be (-2)/(-6)*-56*-3. Calculate the greatest common divisor of m and c.
7
Suppose 0*b - 6*b + 108 = 0. What is the highest common factor of b and 549?
9
Let o be 2 - (-6)/12*0. Calculate the greatest common divisor of o and 78.
2
Let p be (-3 - 0) + (10 - -8). Let c be 104 - 1 - ((-2 - 4) + 4). Calculate the highest common factor of p and c.
15
Let h be 1 - (-2 - (-3 - -2)). Suppose 0 = -k - h*k - 5*c + 42, 0 = 5*c. What is the highest common factor of 70 and k?
14
Let v = 94 - 60. Suppose 11*o - 7*o = 0, x - 7*o - 51 = 0. What is the greatest common divisor of v and x?
17
Let f = 79 + -77. Suppose -f*h + 4 = -0. What is the greatest common factor of 8 and h?
2
Let p = -240 - -410. Calculate the greatest common divisor of p and 595.
85
Let x(s) = -s**3 - 15*s**2 - 14*s + 4. Let r be x(-14). Suppose 0 = -2*m - 8, 2*v - r*m = v + 23. Calculate the highest common factor of 77 and v.
7
Suppose -3*u - 12 = -2*p + 26, p = -5*u + 6. Calculate the highest common factor of 144 and p.
16
Suppose l + 0*l - 10 = -4*x, 10 = l + 2*x. Suppose -4*i = -4*t + 76, t - l = 5*i + 21. What is the greatest common factor of t and 16?
16
Let g = -29 + 57. Let d = -89 + 159. Calculate the greatest common factor of d and g.
14
Let q(h) = 73*h - 558. Let m be q(11). Calculate the highest common divisor of m and 105.
35
Suppose 0 = 5*c + 41 - 66. Suppose 0 = c*p + 4*o - 71, -2*p + 18 = -p - 3*o. Calculate the highest common factor of p and 75.
15
Suppose -34*p + 80 = -29*p. What is the greatest common divisor of 48 and p?
16
Let a be -2 + (-9)/(18/(-404)). Suppose a = 25*y - 20*y. Calculate the highest common factor of 8 and y.
8
Suppose -b = -3*q + 675, 5*q + 0*b - 1135 = 5*b. Calculate the greatest common divisor of q and 32.
32
Suppose -44 = -3*q + 1. Let r = q + -1. What is the highest common divisor of r and 14?
14
Let q = 1181 - 806. What is the highest common divisor of q and 50?
25
Suppose 3076 + 2600 = 66*d. What is the greatest common divisor of 1075 and d?
43
Let l be 18/27 + 194/6. Let f = 69 - l. Calculate the highest common divisor of 12 and f.
12
Let b be (2 + (-24 - 8))/(12/(-80)). Calculate the greatest common divisor of 20 and b.
20
Let t(p) = 341*p - 17. Let h be t(1). Calculate the highest common divisor of 4 and h.
4
Let b be 35 + -15 - (-6 + 1). Calculate the highest common divisor of 115 and b.
5
Let i = -50 - -46. Let p = i + 14. Calculate the greatest common divisor of p and 70.
10
Suppose -861 + 21 = -8*u. Calculate the highest common divisor of 135 and u.
15
Let x = 171 - 142. Calculate the highest common factor of x and 145.
29
Let s(f) = 7*f**2 - 4*f - 16. Let h(c) = c**2 - 1. Let v(w) = 6*h(w) - s(w). Let a be v(5). Let j = 11 - a. Calculate the highest common divisor of j and 15.
3
Let f = -955 + 963. Let k(t) = t**3 - 2*t**2 - 3*t. Let u be k(3). Suppose u + 64 = 2*a. Calculate the highest common factor of a and f.
8
Suppose 0 = -2*f + 28 - 0. What is the greatest common divisor of f and 1414?
14
Suppose -3*b - 2*c = -0*b - 55, c + 96 = 5*b. Let h(d) = 18*d**2 - 1. Let m be h(-1). Let x = 55 - m. Calculate the highest common divisor of x and b.
19
Suppose o + h - 16 = 0, 0 = -3*o + h + 4*h + 32. Suppose -5*y + 2*v + 14 = 0, 12 = 3*y - 5*v + 2*v. What is the greatest common divisor of y and o?
2
Suppose a - 140 = -5*n, 4*a + 0*a = n - 49. Suppose 3*z - p = 787, 0 = -2*z - p + 263 + 255. Calculate the greatest common factor of z and n.
29
Let n(v) = v - 9. Let j be n(11). Suppose -228 = -2*h + 4*i, j*i = -5*h - 2*i + 500. Calculate the highest common divisor of 13 and h.
13
Suppose -4*x = -7 + 27. Let p(v) = -2*v**2 - 8*v - 3. Let w be p(x). Let s = 15 + w. What is the highest common factor of s and 5?
1
Suppose 2 = 4*s - 3*s. Suppose 3*b = p + 163, b - s*p - 73 = -22. What is the greatest common factor of b and 22?
11
Let w(g) be the first derivative of 3*g**2/2 - 11*g + 4. Let j be w(9). Suppose -x = 2*x - 6. Calculate the highest common divisor of j and x.
2
Suppose q + 8 = w, 0 = 3*w - 2*w - 4*q - 17. Let l(r) = -r**3 - 20*r**2 + 22*